91. What is the highest common divisor of o and h?
26
Let f be 7 + 0 + -1 + (6 - 6). Calculate the highest common divisor of 36 and f.
6
Let i(t) = t**2 - 19*t - 28. Let l be i(23). Calculate the greatest common factor of l and 1728.
64
Let q = 81 - 60. Suppose 3*m + 3*v = q, -4*m + m = 5*v - 15. What is the greatest common factor of m and 35?
5
Let n be ((-3)/(-9))/((-1)/(-135)). Let o = 26 - 46. Let c = o - -38. Calculate the greatest common factor of c and n.
9
Let g be -2*9/(-30) + (-434)/(-10). Calculate the highest common factor of 396 and g.
44
Suppose 2*v = 716 - 710. Calculate the highest common divisor of 9 and v.
3
Let d be 1 + 185 + 7 - (-3)/(-3). Calculate the greatest common divisor of 3 and d.
3
Let v be 18/(((-4)/(-10))/((-24)/(-10))). Let i = v + -66. Calculate the greatest common divisor of 28 and i.
14
Let h(l) = 5*l**2 + 14*l + 4. Let y be 4/6 - 300/45. Let o be h(y). What is the highest common factor of 20 and o?
20
Suppose -3*r + 2*k = -r - 4, -3*r - 2*k - 14 = 0. Let i = r + 7. Suppose h = b - 2 + 7, -i*h = 3*b + 7. Calculate the highest common divisor of h and 7.
1
Let p = -1439 + 1527. Calculate the highest common factor of 440 and p.
88
Let y be -1 + -4 + 5 + 3. Suppose -k + 82 = 7*v - 5*v, 0 = y*k - 4*v - 216. What is the highest common factor of 19 and k?
19
Let o be 1334/345 - 4/(-30). Let w be (8*15 - -2) + o. What is the highest common divisor of 14 and w?
14
Let n = 3 + 0. Suppose q + 120 = n*q. Suppose 2*a - 39 = o, q = 2*a + a - 2*o. What is the greatest common divisor of a and 27?
9
Suppose -2*w + 3*w + 16 = 0. Let t = 72 - w. Let o be -3 - (-13 - (-1 - 1)). What is the highest common divisor of t and o?
8
Suppose -4*z - 41 = -5*f + 34, -5*z = -3*f + 45. Calculate the greatest common divisor of 345 and f.
15
Let n = 304 - 160. Calculate the highest common divisor of 360 and n.
72
Suppose 3*m + 9 = -90. Let b = 177 - m. Calculate the greatest common divisor of b and 30.
30
Let l(f) = -14*f - 7. Let h be l(-6). Let g be (4/6)/(-18*(-8)/1512). Calculate the highest common factor of g and h.
7
Suppose -3*j - 5*m - 10 - 7 = 0, 5*j - 5*m - 25 = 0. Let g be 6*(-1 - j)/(-4). Calculate the greatest common divisor of 27 and g.
3
Let k be 24/6*542/(-8). Let a = -158 - k. Suppose -2*h = 2*y - 36, 29 = -4*h - y + a. Calculate the greatest common factor of h and 11.
11
Let w be (65 + -45)*(-6)/(-8). What is the greatest common factor of w and 345?
15
Let k(n) = -n**3 + 2*n**2 + 9*n. Let s be k(4). Suppose -h + 5*v - 91 = -367, s*h - 5*v - 1044 = 0. What is the greatest common factor of 32 and h?
32
Suppose 20 = 4*g - 5*j - 17, 4*j = -20. Let z(k) = 4*k**2 - 9*k + 3. Let v be z(g). What is the highest common divisor of 36 and v?
12
Suppose 0 = 5*i - 15 - 5. Let d be -6 + i + (-14)/2. Let q = 11 + d. Calculate the greatest common factor of q and 5.
1
Let o be 2/3*(-195)/(-10). Let w = o + -21. Let y(u) = u**3 + 10*u**2 + 5*u - 11. Let q be y(w). What is the highest common factor of 11 and q?
11
Let t = -180 + 261. Suppose 63 + t = 3*q. Suppose -q = -2*z - z. Calculate the greatest common factor of 16 and z.
16
Suppose -88*k = -107*k + 2071. What is the highest common factor of k and 1?
1
Let q be 6/21 - (-78)/21. Suppose 0*u = -q*u + 220. Suppose -4*s - 9 = -53. Calculate the greatest common factor of u and s.
11
Suppose -494 = -93*q + 80*q. Calculate the highest common factor of q and 342.
38
Let z(a) = 4*a - 5. Let y(q) = 8*q - 10. Let s(p) = 2*y(p) - 5*z(p). Let u be s(-5). Suppose 5*m - 6*m = -u. Calculate the highest common divisor of 50 and m.
25
Let v(b) = -6*b + 207. Let n be v(6). Calculate the greatest common factor of n and 27.
9
Let i(k) = -19*k - 33. Let n be i(-6). What is the greatest common factor of n and 189?
27
Suppose -21*o + 4575 = -717. What is the greatest common factor of 56 and o?
28
Let i(h) = -2*h + 31. Let c be i(13). Suppose -5*p = -c*l + 80, 4*l + 4*p = 15 + 73. What is the greatest common divisor of l and 57?
19
Let u(y) = 3*y + 29. Let b be u(-8). Suppose b*n + 3*d - 403 = 4*d, -2*d = -5*n + 406. Calculate the greatest common divisor of n and 10.
10
Suppose 2*g = -g + 30. Suppose 3*s = -3*r + 30, 2*s - 4*r + 15 = s. Suppose 3*w + 0*w = 0, -s*a + 125 = -3*w. What is the greatest common factor of a and g?
5
Let n(a) = 0*a + 2 - 2*a - 2*a + 0*a. Let m be n(-2). Let b(u) = -u**3 + 12*u**2 - 12*u + 10. Let r be b(m). Calculate the highest common divisor of 10 and r.
10
Suppose 0 = -3*h - 2*p + 76, 5*h - 3*p = p + 134. Let u = 1130 + -1052. Calculate the highest common factor of h and u.
26
Let r be -1*3*(-5)/5. Suppose 0*o - 66 = -r*o. What is the highest common factor of 176 and o?
22
Let l be -42 + (-2)/(-8)*0. Let g(a) = -a**3 + 3*a**2 - a + 2. Let v be g(4). Let s = v - l. What is the greatest common divisor of 6 and s?
6
Suppose -u - 15 = -6*u. Suppose 0 = 4*h + 2*x - 1438, 2*h + 8*x = u*x + 715. What is the greatest common factor of 40 and h?
40
Let f(t) = t**3 - 2*t**2 - 7*t + 12. Let r be f(0). Calculate the greatest common factor of r and 192.
12
Suppose 3*a = 5*m + 154, a - 59 = m - 9. What is the highest common factor of 168 and a?
24
Let r(y) = 25*y**3 + y**2 - 2*y + 1. Let v be r(1). Let q = v + 45. Let n(u) = -u**2 + 15*u - 26. Let f be n(12). What is the highest common factor of q and f?
10
Suppose 25 = -5*h, -21 = 5*o + h - 6. Let s = o + 58. What is the highest common divisor of 8 and s?
8
Suppose 15 = w - 2*y - y, 2*w - 24 = 3*y. Let f = -1 - -3. Suppose 2*r = -f*r + 72. Calculate the greatest common factor of r and w.
9
Suppose 4*m = -5*g + 70, -g = -5*m - 2*g + 77. Let q be (-158)/(-16) - (-14)/112. What is the greatest common factor of q and m?
5
Let y = 13 + 5. Let i = 11 - y. Let o = 2 - i. What is the greatest common factor of 9 and o?
9
Suppose 96 = 11*y - 7*y. Suppose 0 = 3*c + c + y. Let l be (-1 + -3)/(c/24). Calculate the highest common divisor of l and 48.
16
Suppose 113 + 47 = 20*j. What is the highest common factor of j and 32?
8
Suppose 0 = -6*z + 8*z + 3*q - 160, -314 = -4*z - 3*q. Let a be (-4)/(-10) + 216/(-15). Let s = -7 - a. Calculate the greatest common divisor of s and z.
7
Suppose -2*a - 14 = -4*b, -2 + 3 = -a. Suppose y - 1 = 14. Suppose w = -5*p + 140, -2*p + y + 24 = -3*w. What is the greatest common divisor of b and p?
3
Suppose -3*f - 5*q - 25 = 0, 2*q = -f - 0*f - 10. Suppose -4*x - 85 = -5*d - f*x, -4*d + 64 = -4*x. Calculate the highest common divisor of d and 3.
3
Suppose 4*n - 2252 = 25*b - 29*b, 2*b = -n + 559. What is the greatest common divisor of n and 21?
21
Suppose 5*u = -3*x + 23, 1 = 2*x - 5*u - 6. What is the highest common factor of 30 and x?
6
Let p(s) be the first derivative of s**2/2 - 10*s - 9. Let b be p(10). Suppose b = -3*u + 34 + 50. What is the greatest common factor of 7 and u?
7
Let s be 66/4 - (-4)/(-8). Let o = -170 - -178. Calculate the highest common factor of s and o.
8
Let y be ((-72)/(-32))/(6/64). Calculate the highest common factor of y and 16.
8
Let f = -652 - -817. What is the greatest common divisor of f and 33?
33
Let i(f) = f + 17. Let r be i(0). Let n = 57 - r. Suppose -2*u + 54 = -5*x + 76, -10 = -3*x - 2*u. Calculate the highest common divisor of n and x.
4
Let a = 15 - 9. Let g = a - 5. Suppose 5*u - b + 0 = 23, 3*u = -4*b + 23. Calculate the highest common divisor of g and u.
1
Suppose l = -2*l + 252. Suppose -15*h = 23*h - 1064. What is the highest common factor of l and h?
28
Suppose 0 = 5*p + 107 - 307. What is the greatest common divisor of 32 and p?
8
Suppose 35*b - 34*b = 1. Let p be b*(2 + -5 + 2). Let u be 1*(-2 + p) - -25. Calculate the highest common divisor of 33 and u.
11
Let f(k) = 28*k - 11. Let o be f(-5). Let i be (-1)/1 - (o + -2*1). Calculate the greatest common factor of i and 19.
19
Let p(t) = 13*t**2 - 9*t - 2. Let c be p(4). Suppose 4*v = -2*r + c, 3*v - 3*r = -r + 124. What is the greatest common divisor of 6 and v?
6
Suppose -1272 = -7*o - 292. What is the highest common divisor of o and 110?
10
Suppose -26 = -2*x - 0*x. Suppose x*i = 8*i + 55. Calculate the highest common divisor of 1 and i.
1
Suppose 0 = y + 3*g - 59, -4*y - 5*g + 89 = -154. Let m = -40 + y. Calculate the greatest common divisor of 66 and m.
22
Suppose -7*d + 8*d - 85 = 0. What is the greatest common divisor of